*s**2 - 7*s + 1. Suppose 45*i = 16*i - 63*i - 736. What is g(i)?
-7
Let h(s) = 3 - 128*s**2 - 7*s - 4 - 2 + 12*s + 129*s**2. Let d = 1 + -5. Determine h(d).
-7
Let b(f) = f**2 + 10*f + 4. Let u be b(-5). Let c be ((-24)/42)/(6/u). Let r(y) = -y**2 + 2*y**2 - 1 - y + y**c. Calculate r(-1).
2
Let y(q) = q**3 - 7*q**2 + 4*q - 6. Suppose 4*n + 12 = 0, 4*j + 3*n - 18 = n. Determine y(j).
-18
Let m(q) = -2 - 5*q - 9*q + 6*q. What is m(-5)?
38
Suppose 16*t + 120 = 168. Let i(o) be the second derivative of t*o - 1/12*o**4 - 3*o**2 + 0 + 7/6*o**3. Calculate i(4).
6
Let n(i) = -6*i - 3. Suppose 5*g - 6 = -4*m, -6*g + 2 = 2*m - 4*g. Determine n(m).
3
Let o(k) = 2*k**2 - 4*k - 33. Let m be o(5). Let t(g) = -g - 13. Determine t(m).
-10
Let s(w) = 237 + 11*w + w**2 - 482 + 229. Determine s(-13).
10
Let s be 2*((-9)/(-2) - 4)*-4. Let o be (-42)/8 - (-3)/s. Let k(w) = w - 6. Determine k(o).
-12
Suppose -282 = -8*z - 274. Let y(u) = -3*u - 15. Let g(j) = j + 7. Let v(c) = 13*g(c) + 6*y(c). Calculate v(z).
-4
Let r be (1 - 4 - 255/(-75))*-20. Let c(b) = 4*b + 4. What is c(r)?
-28
Let p(h) = 14*h**2 + 5*h - 2*h + 3 - 4*h**2 - 12*h**2. Let o be (1 - 3)/4*-8. Calculate p(o).
-17
Let y(g) = 0*g - g + 0*g + 1 - g**2 + 5*g. Give y(2).
5
Let q(f) = -4*f**3 - 7*f**2 + f - 1. Let l(m) = -m**3 - m**2. Let h(p) = -3*l(p) + q(p). Determine h(-4).
-5
Let g(v) be the third derivative of v**6/120 + v**5/10 + 7*v**4/24 + 2*v**3 + 5*v**2. Let m be g(-5). Let c(r) = 3*r**2 - 3*r + 3. Determine c(m).
9
Let q(l) be the first derivative of l**6/120 - 7*l**5/60 - l**4/24 + 5*l**3/3 - 3*l**2 - 18. Let k(j) be the second derivative of q(j). Give k(7).
3
Let w(m) be the first derivative of -9 - 21/2*m**2 + m**3 - 11*m. Let f(g) = -4*g**2 + 31*g + 17. Let t(r) = -5*f(r) - 7*w(r). Calculate t(-6).
4
Let l(f) = -6*f. Let y = -2 + -2. Let p be 2/(4 + y + 2). Calculate l(p).
-6
Let p(o) be the first derivative of 0*o + 0*o**3 - 1/6*o**5 + 0*o**4 - o**2 + 6. Let y(l) be the second derivative of p(l). Calculate y(-1).
-10
Let l(g) = g**3 - 4*g**2 - 3*g - 6. Let p(v) = -3*v**2 - 29*v + 15. Let h(x) = x**2 + 14*x - 7. Let f(u) = -5*h(u) - 2*p(u). Let a be f(12). Give l(a).
4
Let b(s) be the first derivative of 1/3*s**3 - s - 1/2*s**2 - 26. Give b(2).
1
Suppose 85 = 2*m + 77. Let c(l) = l**3 - 3*l - 3*l**2 - 4 + 0 + 4*l. What is c(m)?
16
Let r = 2 + 0. Suppose 2*y + 18 = 4*u, -2*u + 2*y + 10 = -r. Let o(i) be the third derivative of -i**6/120 + i**5/20 + i**4/12 - i**3/3 + 76*i**2. What is o(u)?
4
Let a(c) = 5*c**3 - 2 - 2*c**3 + 5*c + 115*c**2 - c**3 - 120*c**2. Let v be a(2). Let d be v/(-1)*(-5)/(-4). Let r(k) = k**3 + 5*k**2 + 3*k + 7. What is r(d)?
-8
Let b(t) be the first derivative of -4*t**3 - 3*t**2/2 + 4*t + 488. Calculate b(2).
-50
Suppose -6 = h, 23 = -g - 54*h + 51*h. Let z = 1 + 1. Let k(x) = 2*x - 3*x**2 + 2*x**2 - 8*x + z. Give k(g).
7
Let z(n) be the third derivative of 0*n + 0 + 1/3*n**3 + 11*n**2 + 1/4*n**4 + 1/60*n**5. Determine z(-4).
-6
Let w(h) be the first derivative of -h**2/2 + 5*h + 160. What is w(-4)?
9
Let w(b) = 2*b - 3. Let k(u) = -24*u + 28. Let x(g) = -k(g) - 10*w(g). Give x(2).
10
Let h(a) = -4*a + 4 - 3*a**2 + 5*a + a**3 - 2 - 1 + 4. Give h(4).
25
Let p(f) be the third derivative of 0*f + f**2 - 1/4*f**4 + 0 - 1/2*f**3 - 1/120*f**6 - 1/12*f**5. What is p(-4)?
5
Let f(y) = 2*y**2 + 5*y + 1. Suppose 71 = 13*c - 137. Suppose 13*j + c = 9*j. Give f(j).
13
Let h(y) = -y**2 - 15*y + 2. Let l(v) = -v**2 - 13*v + 2. Let g(u) = 6*h(u) - 7*l(u). Suppose -2*i + 18 = -5*i. Let c = 8 + i. Give g(c).
4
Let m(y) = -y**3 - 4*y**2 - 2*y - 5. Suppose -2*x + 3*l + 18 = 48, 4*x + l = -46. Let j = x - -13. Suppose -3*h - 11 - j = 0. What is m(h)?
3
Let r(l) = 3*l**2 + 8*l + 7. Let c(g) = 7*g**2 + 17*g + 14. Let b(y) = 4*c(y) - 9*r(y). Let w = -56 + 62. Calculate b(w).
5
Let l(a) = 4*a + 2. Let o be l(0). Suppose -10 + 3 = -4*d - k, 2*d + 4 = o*k. Let b(h) = 6*h**2 - h. Calculate b(d).
5
Let s(p) = -2*p**2 - 2. Let r(j) = 11*j**2 - 3*j + 17. Let l(a) = r(a) + 6*s(a). Determine l(-4).
1
Let g(o) be the first derivative of -5*o**4/4 - 4*o**3/3 + 3*o**2/2 - 59. What is g(2)?
-50
Let p(q) = -5*q**2 - 4*q - 2. Let d be (3/3 - 14)*-1. Suppose d - 7 = -3*l. Calculate p(l).
-14
Let q = -255 + 252. Let v(b) = -b**2 - b + 3. Give v(q).
-3
Let k(p) = 3*p**2 - 3*p + 2. Let y(x) = x**3 - 2*x**2 + 3*x - 5. Let g be y(2). What is k(g)?
2
Let a(t) = -t**3 + 11*t**2 + 3*t - 13. Let g be a(9). Suppose 0 = -7*z + g - 15. Let h = 25 - z. Let p(b) = b**3 - b**2 - 2*b + 3. Give p(h).
3
Let g(o) = 15*o**2 - 4*o**2 - 3 + 195115*o - 195123*o - o**3. What is g(10)?
17
Let x(i) = -5*i**3 - 2*i**2 - 2*i - 1. Let u(a) be the second derivative of -a**3/6 - 4*a. Let o be u(-6). Let f = o - 7. Determine x(f).
4
Let w(j) be the second derivative of j**7/2520 - j**6/720 + j**5/24 - j**4/12 + 22*j. Let c(o) be the third derivative of w(o). Calculate c(0).
5
Let t be 22 + 1 + (-6 - -8). Suppose -t = -4*y + 11. Let c(m) = -m**3 + 8*m**2 + 11*m - 11. What is c(y)?
7
Let m(u) be the third derivative of -u**6/360 + u**5/60 - u**4/24 - 5*u**3/6 + 7*u**2. Let n(k) be the first derivative of m(k). Calculate n(4).
-9
Let v(m) = -m**3 + 6*m**2 - 6*m + 9. Let t be v(5). Let p be (-10)/25 + (-21)/15*t. Let q(l) = l**2 + 5*l - 8. What is q(p)?
-2
Let c(m) be the second derivative of 2*m**3/3 + m**2/2 - 257*m. Calculate c(1).
5
Suppose 5*u = -2*o + 3*o + 19, 5*o + 32 = 4*u. Let y be 4/(3 + (u + -2 - 3)). Let b(l) = 4 + 4*l - l**2 - 4 - 4. Calculate b(y).
-4
Let n(p) = 3 - 1 + 0 + p. Suppose 0 = 6*f - f - 5*o - 385, 228 = 3*f - 2*o. Let m = 72 - f. What is n(m)?
0
Suppose 18 = 9*a - 12*a - 4*l, -5*a + 5*l = 30. Let i(x) = -x - 14. What is i(a)?
-8
Let l(m) = 3*m**2 + 9*m + 8. Let g(s) = 14*s + 69. Let o be g(-5). Determine l(o).
2
Let n(t) = 3*t + 9. Let s be n(0). Let a(x) = x**3 - 10*x**2 + 8*x + 2. Give a(s).
-7
Let i(h) = h**2 + 6*h - 2. Suppose -2*c = 2*c - 56. Suppose 2*r - 4*r = c. What is i(r)?
5
Let i(x) = x - 11*x**2 + 5*x**3 - 3*x**3 - 16 - 12*x**3. Let c(y) = 2*y**3 + 2*y**2 + 3. Let p(n) = -11*c(n) - 2*i(n). Let f = 11 - 12. Determine p(f).
3
Let v be (-1)/(12/(-3) - -3). Let z(w) = w**3 - w**2 - w + 1. Let r(b) = -3*b**3 + 6*b**2 - 2*b + 1. Let g(o) = v*r(o) + 2*z(o). Let a = 7 - 4. What is g(a)?
0
Let l = -7 + 8. Let n(o) = 11 - 3*o**2 + 13 - o - 23. What is n(l)?
-3
Let c(v) be the third derivative of -v**6/120 - v**5/4 - 7*v**4/12 - 2*v**3/3 + 5*v**2 - 9. Determine c(-14).
-4
Let a(d) = 29758*d + 9*d**2 + d**3 + 12 + 0*d**2 - 29767*d. What is a(-10)?
2
Let t(r) = 4*r + 4. Let m(v) = 14 - 11 + 0*v - 10 - 7*v. Let l(o) = 3*m(o) + 5*t(o). What is l(3)?
-4
Let x(r) = -r + 9. Let w(q) = q**3 + 12*q**2 + 10*q + 13. Let j be w(-11). Suppose -5*g + 33 = -v, -2*g - 4 + j = 3*v. Give x(g).
2
Let t(r) be the first derivative of -24 - 5/3*r**3 + r - 1/4*r**4 - 3/2*r**2. Give t(-4).
-3
Let w(y) = -14*y + 5*y**2 - 18*y**2 + 11 + 14*y**2. What is w(11)?
-22
Let i(p) = -3*p - 29. Let d be i(-16). Let s(z) = -d*z**2 - 2*z + z**3 + 7*z**2 - 2 + 7*z**2. What is s(5)?
-12
Let s be ((-4)/(-12))/(1/9). Let a(o) = 2*o**2 - 7*o**s + o + 8*o**3 + o**3 - o**2. Give a(-1).
-2
Suppose 0 = -0*m + 4*m - 24. Suppose -3*j = -m*j + 27. Let o(l) = -4 - l + 2 + l**3 + 2*l - 11*l**2 + j*l**2. Determine o(3).
10
Let x = 421 + -414. Let v(z) = z**3 - 6*z**2 - 8*z + 4. Give v(x).
-3
Suppose -22 + 13 = 3*g. Let h(u) = 4*u + 3. Calculate h(g).
-9
Let p(w) = -w**2 + 27*w - 18. Let n be p(26). Let j(h) = -h**3 + 8*h**2 + 2*h - 11. Determine j(n).
5
Let z(f) = -f**2 + 4. Let y = 113 - 117. Let m be (-7)/(14/y) - 2/(-2). Determine z(m).
-5
Suppose -39*y = -5*y. Let u(f) = -36*f - 15. Let d(o) = 5*o + 2. Let l(k) = -15*d(k) - 2*u(k). Let g be l(y). Let s(r) = -r + 8. Give s(g).
8
Let t(d) = 6*d - 3. Let w(o) = -12*o + 4. Let n be w(-2). Let x be n*((-6)/8)/1. Let c = 23 + x. Calculate t(c).
9
Let p(r) = -r**3 - 4*r**2 + 2*r + 5. Let h = -3 - -9. Suppose -2*l = -h*l - 16. Give p(l).
-3
Let u(n) be the second derivative of n**4/3 - n**3/6 - 3*n**2/2 + 43*n. Let z(m) = 5*m**2 - m - 4. Let h(v) = -4*u(v) + 3*z(v). Determine h(1).
0
Let u(r) = -r**2 + 5*r - 3. Let j be u(2). Let w(h) = -h - 4 - 9 + 2*h**2 - 10 + h**j + 25. What is w(-3)?
-4
Let m(v) = v**3 + 1